0?
False
Is 336 a multiple of 24?
True
Is 17 a factor of 2350?
False
Does 26 divide 1035?
False
Does 9 divide 28206?
True
Is 20 a factor of 1287?
False
Is 5 a factor of 9?
False
Is 2997 a multiple of 37?
True
Does 55 divide 1450?
False
Is 15 a factor of 927?
False
Is 102 a factor of 4688?
False
Is 5 a factor of 472?
False
Is 9 a factor of 911?
False
Does 316 divide 43673?
False
Is 5 a factor of 130?
True
Is 109 a factor of 4796?
True
Is 1161 even?
False
Is 330 a factor of 97350?
True
Does 85 divide 2890?
True
Is 28 a factor of 14672?
True
Is 13 a factor of 31?
False
Is 78 a factor of 28644?
False
Is 2037 a multiple of 4?
False
Is 12 a factor of 7140?
True
Is 17 a factor of 2278?
True
Is 55 a factor of 1595?
True
Is 20 a factor of 87740?
True
Is 4 a factor of 20?
True
Is 70 a factor of 131600?
True
Is 10 a factor of 36911?
False
Is 90 a factor of 399?
False
Is 2916 a multiple of 9?
True
Is 46 a factor of 230?
True
Is 27 a factor of 2525?
False
Does 66 divide 9956?
False
Is 110 a factor of 4817?
False
Does 97 divide 5141?
True
Is 25194 a multiple of 26?
True
Does 22 divide 418?
True
Is 1464 a multiple of 92?
False
Is 1383 a multiple of 38?
False
Does 2 divide 90?
True
Does 155 divide 18290?
True
Is 97 a factor of 52380?
True
Does 47 divide 3854?
True
Does 31 divide 5146?
True
Is 12 a factor of 20964?
True
Does 61 divide 4026?
True
Does 27 divide 2626?
False
Does 14 divide 49?
False
Is 2856 a multiple of 102?
True
Does 20 divide 70063?
False
Does 93 divide 17611?
False
Is 20 a factor of 836?
False
Is 8740 a multiple of 20?
True
Does 73 divide 1022?
True
Is 23 a factor of 735?
False
Does 6 divide 28195?
False
Is 14 a factor of 905?
False
Is 21 a factor of 9030?
True
Is 76388 a multiple of 315?
False
Does 11 divide 163?
False
Is 47633 a multiple of 323?
False
Is 12 a factor of 240?
True
Is 31 a factor of 64082?
False
Does 8 divide 515?
False
Is 319 a factor of 22798?
False
Is 558 a multiple of 15?
False
Is 12 a factor of 410?
False
Is 109 a factor of 13317?
False
Is 21 a factor of 1104?
False
Is 14 a factor of 34776?
True
Is 76 a factor of 2883?
False
Is 16 a factor of 1424?
True
Is 3945 a multiple of 9?
False
Does 39 divide 1828?
False
Is 21 a factor of 504?
True
Does 97 divide 6014?
True
Is 60645 a multiple of 195?
True
Does 28 divide 140?
True
Is 163 a factor of 2119?
True
Does 4 divide 223?
False
Does 3 divide 2506?
False
Does 16 divide 18304?
True
Is 111 a factor of 18147?
False
Is 14 a factor of 29638?
True
Does 27 divide 1550?
False
Is 185 a factor of 36815?
True
Is 8 a factor of 304?
True
Is 91 a factor of 91?
True
Is 19603 a multiple of 10?
False
Is 95 a factor of 4596?
False
Does 4 divide 213?
False
Is 147 a multiple of 3?
True
Is 13 a factor of 450?
False
Is 651 a multiple of 7?
True
Does 111 divide 13963?
False
Is 832 a multiple of 26?
True
Does 8 divide 3469?
False
Does 43 divide 1803?
False
Is 59 a factor of 1320?
False
Is 7 a factor of 22477?
True
Is 13 a factor of 923?
True
Does 197 divide 11032?
True
Is 19 a factor of 178?
False
Is 22931 a multiple of 19?
False
Is 18 a factor of 2088?
True
Is 702 a multiple of 71?
False
Is 72 a multiple of 9?
True
Is 21 a factor of 3564?
False
Is 884 a multiple of 13?
True
Is 15 a factor of 31257?
False
Is 131 a factor of 3927?
False
Is 420 a multiple of 60?
True
Is 15 a factor of 19920?
True
Is 22137 a multiple of 47?
True
Is 3 a factor of 498?
True
Does 12 divide 7134?
False
Is 23788 a multiple of 76?
True
Does 24 divide 3792?
True
Does 35 divide 476?
False
Is 8 a factor of 2000?
True
Is 19 a factor of 9785?
True
Does 15 divide 8534?
False
Does 54 divide 6318?
True
Is 17 a factor of 2754?
True
Is 14 a factor of 3220?
True
Is 2 a factor of 1363?
False
Is 38367 a multiple of 44?
False
Is 4 a factor of 11347?
False
Is 432 a multiple of 24?
True
Is 29 a factor of 811?
False
Is 37059 a multiple of 11?
True
Does 51 divide 7625?
False
Is 34 a factor of 4046?
True
Does 3 divide 10819?
False
Is 52 a factor of 3276?
True
Does 10 divide 2236?
False
Does 115 divide 345?
True
Is 41 a factor of 43419?
True
Is 36190 a multiple of 14?
True
Does 3 divide 180?
True
Is 20 a factor of 17380?
True
Is 28 a factor of 782?
False
Does 60 divide 29069?
False
Is 1235 a multiple of 10?
False
Does 37 divide 3899?
False
Is 32 a factor of 2784?
True
Does 79 divide 30415?
True
Is 21 a factor of 41168?
False
Is 12 a factor of 720?
True
Is 7754 a multiple of 66?
False
Does 11 divide 3003?
True
Is 3 a factor of 96?
True
Is 1470 a multiple of 31?
False
Is 380 a multiple of 15?
False
Does 19 divide 756?
False
Does 112 divide 17136?
True
Is 22 a factor of 129?
False
Is 233 a multiple of 20?
False
Is 6579 a multiple of 3?
True
Does 8 divide 1394?
False
Is 30 a multiple of 4?
False
Is 149 a factor of 27549?
False
Does 11 divide 6160?
True
Is 47 a multiple of 35?
False
Is 94 a factor of 24371?
False
Is 705 a multiple of 13?
False
Is 10880 a multiple of 128?
True
Is 11 a factor of 374?
True
Is 243 a factor of 3380?
False
Does 65 divide 1439?
False
Is 100 a factor of 10000?
True
Is 10 a factor of 22710?
True
Is 3 a factor of 16?
False
Is 68 a factor of 478?
False
Does 62 divide 6594?
False
Is 23 a factor of 920?
True
Is 7833 a multiple of 12?
False
Is 54817 a multiple of 287?
True
Does 70 divide 2432?
False
Is 1828 a multiple of 13?
False
Is 12 a factor of 9360?
True
Is 782 a multiple of 46?
True
Is 18 a factor of 15822?
True
Does 44 divide 5439?
False
Is 28 a factor of 504?
True
Is 30 a factor of 3210?
True
Is 814 a multiple of 76?
False
Is 1480 a multiple of 10?
True
Is 3 a factor of 96?
True
Does 8 divide 8488?
True
Is 24 a factor of 631?
False
Is 9 a factor of 249?
False
Does 21 divide 567?
True
Is 3 a factor of 340?
False
Is 16074 a multiple of 38?
True
Is 158 a factor of 8848?
True
Does 9 divide 52173?
True
Does 40 divide 35160?
True
Does 23 divide 43267?
False
Is 9504 a multiple of 36?
True
Does 173 divide 54090?
False
Is 51 a multiple of 10?
False
Is 4624 a multiple of 55?
False
Is 1177 a multiple of 11?
True
Is 4751 a multiple of 78?
False
Does 3 divide 84?
True
Does 2 divide 446?
True
Is 5 a factor of 2120?
True
Does 6 divide 7134?
True
Is 2695 a multiple of 35?
True
Is 21276 a multiple of 27?
True
Is 118556 a multiple of 173?
False
Is 4250 a multiple of 25?
True
Is 154 a multiple of 14?
True
Does 24 divide 9720?
True
Is 36 a factor of 47196?
True
Is 12276 a multiple of 36?
True
Is 1295 a multiple of 13?
False
Does 9 divide 9027?
True
Is 4317 a multiple of 77?
False
Does 191 divide 2674?
True
Is 266 a multiple of 9?
False
Does 28 divide 13297?
False
Is 5258 a multiple of 11?
True
Does 26 divide 1898?
True
Is 115020 a multiple of 20?
True
Is 116 a factor of 4082?
False
Is 8 a factor of 335?
False
Is 42804 a multiple of 26?
False
Does 48 divide 8832?
True
Does 10 divide 6873?
False
Does 3 divide 668?
False
Does 124 divide 111600?
True
Is 27 a multiple of 3?
True
Is 45835 a multiple of 23?
False
Is 224 a multiple of 16?
True
Is 5 a factor of 625?
True
Does 14 divide 1750?
True
Is 445 a multiple of 5?
True
Does 6 divide 20562?
True
Does 42 divide 617?
False
Is 3 a factor of 4453?
False
Is 3444 a multiple of 123?
True
Does 11 divide 935?
True
Is 17 a factor of 118252?
True
Is 126 a factor of 27468?
True
Is 17 a factor of 603?
False
Does 60 divide 300?
True
Is 605 a multiple of 14?
False
Is 981 a multiple of 9?
True
Is 3982 a multiple of 67?
False
Is 1548 a multiple of 6?
True
Is 241 a factor of 9952?
False
Is 990 a multiple of 66?
True
Is 611 a multiple of 13?
True
Is 76508 a multiple of 12?
False
Is 7 a factor of 343?
True
Does 75 divide 5625?
True
Is 984 a multiple of 19?
False
Does 176 divide 4872?
False
Is 10 a factor of 6750?
True
Does 12 divide 8076?
True
Is 88 a factor of 28989?
False
Is 63894 a multiple of 23?
True
Is 40 a factor of 147164?
False
Does 15 divide 5556?
False
Does 21 divide 2336?
False
Is 74 a factor of 9916?
True
Is 540 a multiple of 20?
True
Does 10 divide 2290?
True
Is 351 a multiple of 13?
True
Is 2211 a multiple of 25?
False
Is 23 a factor of 4947?
False
Is 17 a factor of 4914?
False
Is 214 a multiple of 6?
False
Is 2555 a multiple of 61?
False
Is 14 a factor of 59561?
False
Is 17 a factor of 5474?
True
Is 30 a factor of 750?
True
Is 92 a factor of 21153?
False
Is 5400 a multiple of 225?
True
Is 2298 a